52. Is b a prime number?
False
Is 1/(-4) + (2 - 113085/(-36)) prime?
False
Let h(u) = -1016*u - 3. Let x be h(1). Let c = 1516 + x. Is c a prime number?
False
Let v be 4/(-18) + 0 - 22718/(-9). Suppose y - 5*y = -v. Is y a composite number?
False
Let x be (12/(-15))/(10/(-25)). Suppose 7*p - x*p - 25 = 0, 1960 = g - 5*p. Is g a composite number?
True
Suppose -b + 2*s + 612 = 0, 2*s - 1654 - 834 = -4*b. Let p = 2901 - b. Is p composite?
False
Suppose 2*z - 10 + 2 = 0. Let n be (z - 8)/4*0. Suppose 2*p + 5*d - 1516 = n, -4*p - d + 252 = -2762. Is p prime?
False
Let t = 17 + -17. Suppose -a = t, 0 = -5*l - 4*a + 3*a + 75. Is l prime?
False
Let b(r) = 1225*r**2 + r + 5. Is b(-3) composite?
False
Let n(z) = 106*z - 5. Let x(h) = -35*h + 2. Let c = 1 + -4. Let o(i) = c*n(i) - 8*x(i). Is o(-1) a composite number?
False
Let w = 10 - 7. Suppose w*k - 6*k + 140 = -2*b, 185 = 4*k - 3*b. Suppose 0 = -y + 5*y + 4*n - 216, -y + k = -3*n. Is y prime?
True
Let r(a) = -4698*a**3 + a**2 + 3*a + 2. Let v be r(-1). Suppose -1493 + v = 5*d. Is d prime?
True
Suppose -p - p = 5*g + 233, -5*p = -2*g + 597. Let z = p - -206. Is z a composite number?
True
Let x(d) = 24*d + 19. Let u be 15*2 - (-9 + 13). Let o be (-6)/(-21)*(u - 5). Is x(o) a composite number?
False
Let o(s) = -999*s**3 + 2*s**2 + s. Let q(j) = -j + 10. Let z be q(11). Let v be o(z). Suppose -v + 210 = -5*d. Is d a composite number?
True
Let m be (1 - 0 - 2) + -570 + -2. Is 6/((-1)/(m/6)) a composite number?
True
Suppose 19 = 5*g + 4. Let s(h) = h - 3. Let j be s(g). Suppose 0 = 4*n + 4*l - 208, 0 = -4*l - j - 4. Is n a composite number?
False
Let g = -30 - -39. Is (g/(-36))/((-2)/632) prime?
True
Suppose -2*v - 9 = 3*f, -7*f + 2*f = 3*v + 16. Suppose -5*z - 2*d = v*d - 45, -11 = -3*z + d. Suppose -3*w + 4*q = -233, -w + 2*q = z*q - 82. Is w composite?
False
Suppose k = -2, -7 = -3*j - k + 6. Is ((9 - j) + 817)*1 prime?
True
Let j = -11719 - -2139. Is 16/(8/2)*j/(-16) composite?
True
Suppose -3*x + 8 + 7 = 0. Let g(d) = -x + 1 + 4 - 689*d. Is g(-1) a prime number?
False
Let l be (-3)/27 + 3432/27. Suppose -3*d + 228 = -4*y - 169, d + 4*y - l = 0. Is d composite?
False
Suppose -w + 4*a - 11 = 0, -5*a - 2 + 17 = 0. Let l = 1 - w. Suppose -b + 4*b = 5*n - 488, 5*n - 4*b - 489 = l. Is n composite?
False
Let c(w) = -358*w - 353. Is c(-12) prime?
True
Let z = -2963 + 4204. Let q = 2681 - z. Let t = 2183 - q. Is t a prime number?
True
Let q(n) = 19*n**3 + 16*n**2 + 9*n - 21. Is q(7) composite?
True
Let s = 8 - 6. Let j(r) be the second derivative of r**4/4 - r**3/6 + r**2/2 + 31*r. Is j(s) a composite number?
False
Suppose 3*u + 658 = -3062. Let h = u + 1750. Suppose 329 = 2*k - 3*g, 3*k - h = -g - 0*g. Is k composite?
True
Let c = 510 + 211. Is c prime?
False
Let s = 436 - 183. Is s a prime number?
False
Let n(d) be the third derivative of d**6/40 - d**5/60 - d**4/12 + d**3/3 + d**2. Let o be n(1). Suppose v = o*v - 22. Is v composite?
True
Suppose -86*m = -89*m - 2*k + 62129, -2*k = -8. Is m composite?
False
Suppose 5*v - 9 - 16 = 0. Suppose 3*m + v*s - 442 = 0, 2*m - 323 + 21 = 4*s. Is m a composite number?
False
Let u be (-10)/(-6 - -1)*(-1 - -3). Suppose -7*t + 10054 = u*t. Is t prime?
False
Let i be ((-6)/12*3)/((-1)/2). Suppose -3*r + i*s + 1650 = 0, 0*r - 5*r = -4*s - 2751. Is r a composite number?
True
Let h = -70 - -65. Is (-6)/(-8) - h/(60/2523) a prime number?
True
Let b = 40511 - 17362. Is b composite?
True
Let f = 9546 + 4277. Is f prime?
False
Let i be 2398/2*(3 - (3 + -1)). Let j = -576 + i. Is j composite?
True
Suppose -2*b - 28 = -5*q, -4*q - 3 = 5*b + 1. Let i(m) be the second derivative of -7*m**5/20 + 5*m**4/12 + m**3/6 - 3*m**2/2 - 20*m. Is i(b) a prime number?
True
Let x = 11409 - 6548. Is x a prime number?
True
Let g = 23650 + -3241. Is g a composite number?
True
Suppose 4*f + 12 = 0, -2*s + 4*f = 2*s - 24. Suppose -6*z + 2*z - 5*h + 1989 = 0, s*z - 5*h = 1448. Is z composite?
False
Let k = 22751 + -12172. Is k composite?
True
Is (17/(-3) + 5)/(8/(-37572)) a prime number?
False
Let l = 24942 + -859. Is l prime?
True
Let s = 11 + -14. Let x be -29*(s + 4 - 0). Let n = 178 + x. Is n composite?
False
Let h = 3095 + -1278. Is h prime?
False
Let y = 3720 - 861. Suppose v + s = 6*s - 563, -5*v - y = -3*s. Let m = -128 - v. Is m a composite number?
True
Suppose d - 4*d - 3 = 0, -2*f + 30 = -2*d. Let q = f + -10. Suppose -v - 4*v - u = -103, 4*v + q*u = 76. Is v a composite number?
True
Suppose -f - 51 = -4*f. Let a = f - 23. Let s = a + 12. Is s a prime number?
False
Suppose s = 4*s - 3255. Let d = s + -1615. Let t = 949 + d. Is t composite?
False
Let p(s) = 10*s**2 - 5*s + 25*s**2 + 9*s**2 - 3 - 5*s**2. Is p(-2) a prime number?
True
Let h = 445 + -146. Suppose 2*x - 83 = h. Is x a prime number?
True
Let q(g) = 9*g**2 - 14*g + 10. Let n(u) = -4*u**2 + 7*u - 5. Let f(z) = 7*n(z) + 4*q(z). Is f(-6) prime?
False
Let c = -173 + 122. Let n = c + 162. Is n prime?
False
Suppose -2*z = -7*z + 610. Let x = -11 - -57. Suppose 2*j - z - x = 2*m, -2*m + 188 = 2*j. Is j a composite number?
False
Suppose 0 = 5*i + 2*n - 72613, -58088 = 4*i - 8*i - n. Is i composite?
True
Suppose -196 + 1117 = 3*d. Is d a composite number?
False
Let z = -2462 - -1073. Let h = 2420 + z. Is h prime?
True
Is 29079 + -1 - (-44 + 45) a composite number?
False
Suppose 621 = 7*w - 940. Let a = w + -57. Is a prime?
False
Let t = 4062 - -22697. Is t composite?
False
Suppose 0 = -a - 4, a = 4*h - a - 113524. Suppose 16*q + 5899 = h. Is q a prime number?
False
Let g(a) = 2*a**3 + a**2 - a - 2. Let u be g(3). Let x = -84 - -88. Suppose -3*y + u = -r + 6*r, -x*r + 101 = 5*y. Is y a composite number?
True
Let v = -3550 - -6155. Is v composite?
True
Let a = -704 - -1290. Suppose 0*o = -2*w + 3*o + 1169, -3*o - a = -w. Is w a composite number?
True
Suppose -2*v - 239 + 16814 = -5*b, 3*v + b = 24854. Is v prime?
False
Suppose 0 = 4*f - 3*f. Suppose -r + 7*r = f. Suppose r = -0*i - i + 379. Is i prime?
True
Suppose t - 12 = -44. Is 24/t + -2 + 5198/8 a composite number?
False
Let q(c) = 4*c - 6. Let p(o) = -8*o + 12. Let s(w) = -3*p(w) - 7*q(w). Let b be s(5). Let y(v) = -v**2 - 17*v + 7. Is y(b) composite?
True
Suppose 3*a - 4348 - 257 = 0. Is a prime?
False
Let q(y) = y**2 - y + 5. Let k(b) = -b**2 + b - 5. Let g be 0 - 8/(-4)*3. Let o(m) = g*k(m) + 7*q(m). Is o(-8) prime?
False
Suppose 3*g + 0 = 6. Suppose 1 + 7 = -2*y, 4*y = -g*a + 76. Suppose 0 = 2*p - 5*k - 79, -p = -2*k - a + 7. Is p a prime number?
True
Let m(l) = 6463*l**2 + 7*l - 3. Is m(1) a composite number?
True
Let o(g) = -g**3 - g**2 - g + 2. Let h be o(0). Suppose 4*p = -h*a + 770 + 236, 15 = -5*a. Is p a prime number?
False
Suppose 10 = 5*o, 2*h + 4*o - 41164 = -2*h. Is h composite?
False
Let n = -1665 - -2798. Suppose 2253 = 2*c - n. Is c prime?
True
Let t = 31 - 16. Let y be 1/(3/t - 0). Suppose 0 = -h + y*h - 1052. Is h a prime number?
True
Suppose 0*g + g - 2 = 0. Suppose -4*r + 3*r + z = -553, 3*r = -g*z + 1659. Is r a composite number?
True
Let t(g) = -69*g**2 + 2*g - 9. Let f(o) = -138*o**2 + 5*o - 19. Let p(i) = 2*f(i) - 5*t(i). Is p(-4) prime?
False
Let i(o) = -18*o + 11. Let z be i(-9). Let d = z + -118. Is d composite?
True
Let k(y) = y**3 + 8*y**2 + 6*y - 10. Let p be k(-7). Is 191/(-2)*p/(6/20) composite?
True
Suppose 10*m - 6*m + 23587 = 3*i, -3*m = -i + 7864. Is i a composite number?
True
Suppose -w - 2*t = -5921, 2*w + t + 5924 = 3*w. Is w a prime number?
True
Suppose x + 907 = 2*x. Is x a prime number?
True
Let o = 38876 - 24622. Is o prime?
False
Suppose -38*h = -33*h + 6915. Let o = h + 2848. Is o composite?
True
Suppose -85 = 3*d - 886. Is 8/4*-1 + d prime?
False
Let g(w) = 73 + 118 - 2*w - w**2 + 3*w. Suppose 5*m + 20 = 10*m, 3*m = 3*c + 12. Is g(c) composite?
False
Let c(l) = -5*l - 53. Let d be c(-7). Is (2 + 109 - 2)/((-18)/d) composite?
False
Let k be (6/10)/(13/65). Suppose 4*f + 3*b - 5633 = 0, -2*f + 2817 = k*b - 2*b. Is f a prime number?
True
Let o(x) = x**3 - 16*x**2 - 1026*x - 50. Is o(51) prime?
False
Let p(m) be the second derivative of 0 - m + 3/2*m**3 - 7/2*m**2 - 5/12*m**4 - 1/20*m**5. Is p(-8) a prime number?
True
Let s = 6294 + -11310. Let m = -2921 - s. Suppose 7*l = 2*l + m. Is l a composite number?
False
Suppose 5*n = n + 3540. Su